{"version":"1.0","provider_name":"Expresso Metropolitano","provider_url":"https:\/\/expressometro.mx","author_name":"Cecilia Vega","author_url":"https:\/\/expressometro.mx\/index.php\/author\/cecilia-vega\/","title":"Ahora s\u00ed lleg\u00f3 la austeridad republicana - Expresso Metropolitano","type":"rich","width":600,"height":338,"html":"<blockquote class=\"wp-embedded-content\" data-secret=\"rYrKkL2MwQ\"><a href=\"https:\/\/expressometro.mx\/index.php\/2025\/03\/12\/ahora-si-llego-la-austeridad-republicana\/\">Ahora s\u00ed lleg\u00f3 la austeridad republicana<\/a><\/blockquote><iframe sandbox=\"allow-scripts\" security=\"restricted\" src=\"https:\/\/expressometro.mx\/index.php\/2025\/03\/12\/ahora-si-llego-la-austeridad-republicana\/embed\/#?secret=rYrKkL2MwQ\" width=\"600\" height=\"338\" title=\"&#8220;Ahora s\u00ed lleg\u00f3 la austeridad republicana&#8221; &#8212; Expresso Metropolitano\" data-secret=\"rYrKkL2MwQ\" frameborder=\"0\" marginwidth=\"0\" marginheight=\"0\" scrolling=\"no\" class=\"wp-embedded-content\"><\/iframe><script type=\"text\/javascript\">\n\/* <![CDATA[ *\/\n\/*! This file is auto-generated *\/\n!function(d,l){\"use strict\";l.querySelector&&d.addEventListener&&\"undefined\"!=typeof URL&&(d.wp=d.wp||{},d.wp.receiveEmbedMessage||(d.wp.receiveEmbedMessage=function(e){var t=e.data;if((t||t.secret||t.message||t.value)&&!\/[^a-zA-Z0-9]\/.test(t.secret)){for(var s,r,n,a=l.querySelectorAll('iframe[data-secret=\"'+t.secret+'\"]'),o=l.querySelectorAll('blockquote[data-secret=\"'+t.secret+'\"]'),c=new RegExp(\"^https?:$\",\"i\"),i=0;i<o.length;i++)o[i].style.display=\"none\";for(i=0;i<a.length;i++)s=a[i],e.source===s.contentWindow&&(s.removeAttribute(\"style\"),\"height\"===t.message?(1e3<(r=parseInt(t.value,10))?r=1e3:~~r<200&&(r=200),s.height=r):\"link\"===t.message&&(r=new URL(s.getAttribute(\"src\")),n=new URL(t.value),c.test(n.protocol))&&n.host===r.host&&l.activeElement===s&&(d.top.location.href=t.value))}},d.addEventListener(\"message\",d.wp.receiveEmbedMessage,!1),l.addEventListener(\"DOMContentLoaded\",function(){for(var e,t,s=l.querySelectorAll(\"iframe.wp-embedded-content\"),r=0;r<s.length;r++)(t=(e=s[r]).getAttribute(\"data-secret\"))||(t=Math.random().toString(36).substring(2,12),e.src+=\"#?secret=\"+t,e.setAttribute(\"data-secret\",t)),e.contentWindow.postMessage({message:\"ready\",secret:t},\"*\")},!1)))}(window,document);\n\/\/# sourceURL=https:\/\/expressometro.mx\/wp-includes\/js\/wp-embed.min.js\n\/* ]]> *\/\n<\/script>\n","description":"Situados en un contexto complejo pintado de incertidumbre comercial, y con una econom\u00eda d\u00e9bil, es m\u00e1s que necesario preguntarnos en qu\u00e9 est\u00e1 gastando el gobierno de la presidenta Claudia Sheinbaum, pues durante el sexenio pasado, la inversi\u00f3n en infraestructura ayud\u00f3 a mantener a flote al pa\u00eds en momentos, por decir lo menos, complicados. Para responder este cuestionamiento, nada m\u00e1s oportuno que el reporte sobre el manejo de las finanzas p\u00fablicas al primer trimestre de este a\u00f1o, que publica la Secretar\u00eda de Hacienda. De entrada, los resultados no son alentadores, pues&hellip;"}

Ahora sí llegó la austeridad republicana - Expresso Metropolitano

<blockquote class="wp-embedded-content" data-secret="rYrKkL2MwQ"><a href="https://expressometro.mx/index.php/2025/03/12/ahora-si-llego-la-austeridad-republicana/">Ahora sí llegó la austeridad republicana</a></blockquote><iframe sandbox="allow-scripts" security="restricted" src="https://expressometro.mx/index.php/2025/03/12/ahora-si-llego-la-austeridad-republicana/embed/#?secret=rYrKkL2MwQ" width="600" height="338" title="&#8220;Ahora sí llegó la austeridad republicana&#8221; &#8212; Expresso Metropolitano" data-secret="rYrKkL2MwQ" frameborder="0" marginwidth="0" marginheight="0" scrolling="no" class="wp-embedded-content"></iframe><script type="text/javascript">
/* <![CDATA[ */
/*! This file is auto-generated */
!function(d,l){"use strict";l.querySelector&&d.addEventListener&&"undefined"!=typeof URL&&(d.wp=d.wp||{},d.wp.receiveEmbedMessage||(d.wp.receiveEmbedMessage=function(e){var t=e.data;if((t||t.secret||t.message||t.value)&&!/[^a-zA-Z0-9]/.test(t.secret)){for(var s,r,n,a=l.querySelectorAll('iframe[data-secret="'+t.secret+'"]'),o=l.querySelectorAll('blockquote[data-secret="'+t.secret+'"]'),c=new RegExp("^https?:$","i"),i=0;i<o.length;i++)o[i].style.display="none";for(i=0;i<a.length;i++)s=a[i],e.source===s.contentWindow&&(s.removeAttribute("style"),"height"===t.message?(1e3<(r=parseInt(t.value,10))?r=1e3:~~r<200&&(r=200),s.height=r):"link"===t.message&&(r=new URL(s.getAttribute("src")),n=new URL(t.value),c.test(n.protocol))&&n.host===r.host&&l.activeElement===s&&(d.top.location.href=t.value))}},d.addEventListener("message",d.wp.receiveEmbedMessage,!1),l.addEventListener("DOMContentLoaded",function(){for(var e,t,s=l.querySelectorAll("iframe.wp-embedded-content"),r=0;r<s.length;r++)(t=(e=s[r]).getAttribute("data-secret"))||(t=Math.random().toString(36).substring(2,12),e.src+="#?secret="+t,e.setAttribute("data-secret",t)),e.contentWindow.postMessage({message:"ready",secret:t},"*")},!1)))}(window,document);
//# sourceURL=https://expressometro.mx/wp-includes/js/wp-embed.min.js
/* ]]> */
</script>

Situados en un contexto complejo pintado de incertidumbre comercial, y con una economía débil, es más que necesario preguntarnos en qué está gastando el gobierno de la presidenta Claudia Sheinbaum, pues durante el sexenio pasado, la inversión en infraestructura ayudó a mantener a flote al país en momentos, por decir lo menos, complicados. Para responder este cuestionamiento, nada más oportuno que el reporte sobre el manejo de las finanzas públicas al primer trimestre de este año, que publica la Secretaría de Hacienda. De entrada, los resultados no son alentadores, pues&hellip;
