{"version":"1.0","provider_name":"Expresso Metropolitano","provider_url":"https:\/\/expressometro.mx","author_name":"Cecilia Vega","author_url":"https:\/\/expressometro.mx\/index.php\/author\/cecilia-vega\/","title":"PLET\u00d3RICO ARRANQUE DE CAMPA\u00d1A DE MIGUEL EN LERMA - Expresso Metropolitano","type":"rich","width":600,"height":338,"html":"<blockquote class=\"wp-embedded-content\" data-secret=\"DjILRnWava\"><a href=\"https:\/\/expressometro.mx\/index.php\/2024\/04\/28\/pletorico-arranque-de-campana-de-miguel-en-lerma\/\">PLET\u00d3RICO ARRANQUE DE CAMPA\u00d1A DE MIGUEL EN LERMA<\/a><\/blockquote><iframe sandbox=\"allow-scripts\" security=\"restricted\" src=\"https:\/\/expressometro.mx\/index.php\/2024\/04\/28\/pletorico-arranque-de-campana-de-miguel-en-lerma\/embed\/#?secret=DjILRnWava\" width=\"600\" height=\"338\" title=\"&#8220;PLET\u00d3RICO ARRANQUE DE CAMPA\u00d1A DE MIGUEL EN LERMA&#8221; &#8212; Expresso Metropolitano\" data-secret=\"DjILRnWava\" frameborder=\"0\" marginwidth=\"0\" marginheight=\"0\" scrolling=\"no\" class=\"wp-embedded-content\"><\/iframe><script type=\"text\/javascript\">\n\/* <![CDATA[ *\/\n\/*! This file is auto-generated *\/\n!function(d,l){\"use strict\";l.querySelector&&d.addEventListener&&\"undefined\"!=typeof URL&&(d.wp=d.wp||{},d.wp.receiveEmbedMessage||(d.wp.receiveEmbedMessage=function(e){var t=e.data;if((t||t.secret||t.message||t.value)&&!\/[^a-zA-Z0-9]\/.test(t.secret)){for(var s,r,n,a=l.querySelectorAll('iframe[data-secret=\"'+t.secret+'\"]'),o=l.querySelectorAll('blockquote[data-secret=\"'+t.secret+'\"]'),c=new RegExp(\"^https?:$\",\"i\"),i=0;i<o.length;i++)o[i].style.display=\"none\";for(i=0;i<a.length;i++)s=a[i],e.source===s.contentWindow&&(s.removeAttribute(\"style\"),\"height\"===t.message?(1e3<(r=parseInt(t.value,10))?r=1e3:~~r<200&&(r=200),s.height=r):\"link\"===t.message&&(r=new URL(s.getAttribute(\"src\")),n=new URL(t.value),c.test(n.protocol))&&n.host===r.host&&l.activeElement===s&&(d.top.location.href=t.value))}},d.addEventListener(\"message\",d.wp.receiveEmbedMessage,!1),l.addEventListener(\"DOMContentLoaded\",function(){for(var e,t,s=l.querySelectorAll(\"iframe.wp-embedded-content\"),r=0;r<s.length;r++)(t=(e=s[r]).getAttribute(\"data-secret\"))||(t=Math.random().toString(36).substring(2,12),e.src+=\"#?secret=\"+t,e.setAttribute(\"data-secret\",t)),e.contentWindow.postMessage({message:\"ready\",secret:t},\"*\")},!1)))}(window,document);\n\/\/# sourceURL=https:\/\/expressometro.mx\/wp-includes\/js\/wp-embed.min.js\n\/* ]]> *\/\n<\/script>\n","thumbnail_url":"http:\/\/expressometro.mx\/wp-content\/uploads\/2024\/04\/WhatsApp-Image-2024-04-28-at-15.56.23.jpeg","thumbnail_width":1280,"thumbnail_height":720,"description":"Unidos, en bloque y cerrando filas por el bien del municipio de Lerma, as\u00ed arranc\u00f3 la campa\u00f1a Miguel Ram\u00edrez Ponce por la presidencia municipal, en un acto por m\u00e1s plet\u00f3rico de sus seguidores que respaldan los resultados de su gobierno."}

PLETÓRICO ARRANQUE DE CAMPAÑA DE MIGUEL EN LERMA - Expresso Metropolitano

<blockquote class="wp-embedded-content" data-secret="DjILRnWava"><a href="https://expressometro.mx/index.php/2024/04/28/pletorico-arranque-de-campana-de-miguel-en-lerma/">PLETÓRICO ARRANQUE DE CAMPAÑA DE MIGUEL EN LERMA</a></blockquote><iframe sandbox="allow-scripts" security="restricted" src="https://expressometro.mx/index.php/2024/04/28/pletorico-arranque-de-campana-de-miguel-en-lerma/embed/#?secret=DjILRnWava" width="600" height="338" title="&#8220;PLETÓRICO ARRANQUE DE CAMPAÑA DE MIGUEL EN LERMA&#8221; &#8212; Expresso Metropolitano" data-secret="DjILRnWava" frameborder="0" marginwidth="0" marginheight="0" scrolling="no" class="wp-embedded-content"></iframe><script type="text/javascript">
/* <![CDATA[ */
/*! This file is auto-generated */
!function(d,l){"use strict";l.querySelector&&d.addEventListener&&"undefined"!=typeof URL&&(d.wp=d.wp||{},d.wp.receiveEmbedMessage||(d.wp.receiveEmbedMessage=function(e){var t=e.data;if((t||t.secret||t.message||t.value)&&!/[^a-zA-Z0-9]/.test(t.secret)){for(var s,r,n,a=l.querySelectorAll('iframe[data-secret="'+t.secret+'"]'),o=l.querySelectorAll('blockquote[data-secret="'+t.secret+'"]'),c=new RegExp("^https?:$","i"),i=0;i<o.length;i++)o[i].style.display="none";for(i=0;i<a.length;i++)s=a[i],e.source===s.contentWindow&&(s.removeAttribute("style"),"height"===t.message?(1e3<(r=parseInt(t.value,10))?r=1e3:~~r<200&&(r=200),s.height=r):"link"===t.message&&(r=new URL(s.getAttribute("src")),n=new URL(t.value),c.test(n.protocol))&&n.host===r.host&&l.activeElement===s&&(d.top.location.href=t.value))}},d.addEventListener("message",d.wp.receiveEmbedMessage,!1),l.addEventListener("DOMContentLoaded",function(){for(var e,t,s=l.querySelectorAll("iframe.wp-embedded-content"),r=0;r<s.length;r++)(t=(e=s[r]).getAttribute("data-secret"))||(t=Math.random().toString(36).substring(2,12),e.src+="#?secret="+t,e.setAttribute("data-secret",t)),e.contentWindow.postMessage({message:"ready",secret:t},"*")},!1)))}(window,document);
//# sourceURL=https://expressometro.mx/wp-includes/js/wp-embed.min.js
/* ]]> */
</script>

Unidos, en bloque y cerrando filas por el bien del municipio de Lerma, así arrancó la campaña Miguel Ramírez Ponce por la presidencia municipal, en un acto por más pletórico de sus seguidores que respaldan los resultados de su gobierno.
