{"version":"1.0","provider_name":"Expresso Metropolitano","provider_url":"https:\/\/expressometro.mx","author_name":"Expresso Metropolitano","author_url":"https:\/\/expressometro.mx\/index.php\/author\/diego\/","title":"APOYAR\u00c1 OEA DESARROLLO ECON\u00d3MICO DE METEPEC - Expresso Metropolitano","type":"rich","width":600,"height":338,"html":"<blockquote class=\"wp-embedded-content\" data-secret=\"PmZrZIYnXD\"><a href=\"https:\/\/expressometro.mx\/index.php\/2022\/07\/30\/apoyara-oea-desarrollo-economico-de-metepec\/\">APOYAR\u00c1 OEA DESARROLLO ECON\u00d3MICO DE METEPEC<\/a><\/blockquote><iframe sandbox=\"allow-scripts\" security=\"restricted\" src=\"https:\/\/expressometro.mx\/index.php\/2022\/07\/30\/apoyara-oea-desarrollo-economico-de-metepec\/embed\/#?secret=PmZrZIYnXD\" width=\"600\" height=\"338\" title=\"&#8220;APOYAR\u00c1 OEA DESARROLLO ECON\u00d3MICO DE METEPEC&#8221; &#8212; Expresso Metropolitano\" data-secret=\"PmZrZIYnXD\" frameborder=\"0\" marginwidth=\"0\" marginheight=\"0\" scrolling=\"no\" class=\"wp-embedded-content\"><\/iframe><script type=\"text\/javascript\">\n\/* <![CDATA[ *\/\n\/*! This file is auto-generated *\/\n!function(d,l){\"use strict\";l.querySelector&&d.addEventListener&&\"undefined\"!=typeof URL&&(d.wp=d.wp||{},d.wp.receiveEmbedMessage||(d.wp.receiveEmbedMessage=function(e){var t=e.data;if((t||t.secret||t.message||t.value)&&!\/[^a-zA-Z0-9]\/.test(t.secret)){for(var s,r,n,a=l.querySelectorAll('iframe[data-secret=\"'+t.secret+'\"]'),o=l.querySelectorAll('blockquote[data-secret=\"'+t.secret+'\"]'),c=new RegExp(\"^https?:$\",\"i\"),i=0;i<o.length;i++)o[i].style.display=\"none\";for(i=0;i<a.length;i++)s=a[i],e.source===s.contentWindow&&(s.removeAttribute(\"style\"),\"height\"===t.message?(1e3<(r=parseInt(t.value,10))?r=1e3:~~r<200&&(r=200),s.height=r):\"link\"===t.message&&(r=new URL(s.getAttribute(\"src\")),n=new URL(t.value),c.test(n.protocol))&&n.host===r.host&&l.activeElement===s&&(d.top.location.href=t.value))}},d.addEventListener(\"message\",d.wp.receiveEmbedMessage,!1),l.addEventListener(\"DOMContentLoaded\",function(){for(var e,t,s=l.querySelectorAll(\"iframe.wp-embedded-content\"),r=0;r<s.length;r++)(t=(e=s[r]).getAttribute(\"data-secret\"))||(t=Math.random().toString(36).substring(2,12),e.src+=\"#?secret=\"+t,e.setAttribute(\"data-secret\",t)),e.contentWindow.postMessage({message:\"ready\",secret:t},\"*\")},!1)))}(window,document);\n\/\/# sourceURL=https:\/\/expressometro.mx\/wp-includes\/js\/wp-embed.min.js\n\/* ]]> *\/\n<\/script>\n","thumbnail_url":"http:\/\/expressometro.mx\/wp-content\/uploads\/2022\/07\/Metepec-OEA-300722.jpg","thumbnail_width":853,"thumbnail_height":1280,"description":"El presidente municipal de Metepec, Fernando Flores Fern\u00e1ndez, hizo acto de presencia en la Organizaci\u00f3n de Estados Americanos, con sede en Washington D.C, en donde se entrevist\u00f3 con el Secretario General de la OEA, Luis Leonardo Almagro Lemes."}

APOYARÁ OEA DESARROLLO ECONÓMICO DE METEPEC - Expresso Metropolitano

<blockquote class="wp-embedded-content" data-secret="PmZrZIYnXD"><a href="https://expressometro.mx/index.php/2022/07/30/apoyara-oea-desarrollo-economico-de-metepec/">APOYARÁ OEA DESARROLLO ECONÓMICO DE METEPEC</a></blockquote><iframe sandbox="allow-scripts" security="restricted" src="https://expressometro.mx/index.php/2022/07/30/apoyara-oea-desarrollo-economico-de-metepec/embed/#?secret=PmZrZIYnXD" width="600" height="338" title="&#8220;APOYARÁ OEA DESARROLLO ECONÓMICO DE METEPEC&#8221; &#8212; Expresso Metropolitano" data-secret="PmZrZIYnXD" frameborder="0" marginwidth="0" marginheight="0" scrolling="no" class="wp-embedded-content"></iframe><script type="text/javascript">
/* <![CDATA[ */
/*! This file is auto-generated */
!function(d,l){"use strict";l.querySelector&&d.addEventListener&&"undefined"!=typeof URL&&(d.wp=d.wp||{},d.wp.receiveEmbedMessage||(d.wp.receiveEmbedMessage=function(e){var t=e.data;if((t||t.secret||t.message||t.value)&&!/[^a-zA-Z0-9]/.test(t.secret)){for(var s,r,n,a=l.querySelectorAll('iframe[data-secret="'+t.secret+'"]'),o=l.querySelectorAll('blockquote[data-secret="'+t.secret+'"]'),c=new RegExp("^https?:$","i"),i=0;i<o.length;i++)o[i].style.display="none";for(i=0;i<a.length;i++)s=a[i],e.source===s.contentWindow&&(s.removeAttribute("style"),"height"===t.message?(1e3<(r=parseInt(t.value,10))?r=1e3:~~r<200&&(r=200),s.height=r):"link"===t.message&&(r=new URL(s.getAttribute("src")),n=new URL(t.value),c.test(n.protocol))&&n.host===r.host&&l.activeElement===s&&(d.top.location.href=t.value))}},d.addEventListener("message",d.wp.receiveEmbedMessage,!1),l.addEventListener("DOMContentLoaded",function(){for(var e,t,s=l.querySelectorAll("iframe.wp-embedded-content"),r=0;r<s.length;r++)(t=(e=s[r]).getAttribute("data-secret"))||(t=Math.random().toString(36).substring(2,12),e.src+="#?secret="+t,e.setAttribute("data-secret",t)),e.contentWindow.postMessage({message:"ready",secret:t},"*")},!1)))}(window,document);
//# sourceURL=https://expressometro.mx/wp-includes/js/wp-embed.min.js
/* ]]> */
</script>

El presidente municipal de Metepec, Fernando Flores Fernández, hizo acto de presencia en la Organización de Estados Americanos, con sede en Washington D.C, en donde se entrevistó con el Secretario General de la OEA, Luis Leonardo Almagro Lemes.
