{"version":"1.0","provider_name":"Expresso Metropolitano","provider_url":"https:\/\/expressometro.mx","author_name":"Expresso Metropolitano","author_url":"https:\/\/expressometro.mx\/index.php\/author\/diego\/","title":"VILLA DEL CARB\u00d3N - Expresso Metropolitano","type":"rich","width":600,"height":338,"html":"<blockquote class=\"wp-embedded-content\" data-secret=\"9FMY0XYGk2\"><a href=\"https:\/\/expressometro.mx\/index.php\/2020\/08\/25\/villa-del-carbon\/\">VILLA DEL CARB\u00d3N<\/a><\/blockquote><iframe sandbox=\"allow-scripts\" security=\"restricted\" src=\"https:\/\/expressometro.mx\/index.php\/2020\/08\/25\/villa-del-carbon\/embed\/#?secret=9FMY0XYGk2\" width=\"600\" height=\"338\" title=\"&#8220;VILLA DEL CARB\u00d3N&#8221; &#8212; Expresso Metropolitano\" data-secret=\"9FMY0XYGk2\" frameborder=\"0\" marginwidth=\"0\" marginheight=\"0\" scrolling=\"no\" class=\"wp-embedded-content\"><\/iframe><script type=\"text\/javascript\">\n\/* <![CDATA[ *\/\n\/*! This file is auto-generated *\/\n!function(d,l){\"use strict\";l.querySelector&&d.addEventListener&&\"undefined\"!=typeof URL&&(d.wp=d.wp||{},d.wp.receiveEmbedMessage||(d.wp.receiveEmbedMessage=function(e){var t=e.data;if((t||t.secret||t.message||t.value)&&!\/[^a-zA-Z0-9]\/.test(t.secret)){for(var s,r,n,a=l.querySelectorAll('iframe[data-secret=\"'+t.secret+'\"]'),o=l.querySelectorAll('blockquote[data-secret=\"'+t.secret+'\"]'),c=new RegExp(\"^https?:$\",\"i\"),i=0;i<o.length;i++)o[i].style.display=\"none\";for(i=0;i<a.length;i++)s=a[i],e.source===s.contentWindow&&(s.removeAttribute(\"style\"),\"height\"===t.message?(1e3<(r=parseInt(t.value,10))?r=1e3:~~r<200&&(r=200),s.height=r):\"link\"===t.message&&(r=new URL(s.getAttribute(\"src\")),n=new URL(t.value),c.test(n.protocol))&&n.host===r.host&&l.activeElement===s&&(d.top.location.href=t.value))}},d.addEventListener(\"message\",d.wp.receiveEmbedMessage,!1),l.addEventListener(\"DOMContentLoaded\",function(){for(var e,t,s=l.querySelectorAll(\"iframe.wp-embedded-content\"),r=0;r<s.length;r++)(t=(e=s[r]).getAttribute(\"data-secret\"))||(t=Math.random().toString(36).substring(2,12),e.src+=\"#?secret=\"+t,e.setAttribute(\"data-secret\",t)),e.contentWindow.postMessage({message:\"ready\",secret:t},\"*\")},!1)))}(window,document);\n\/\/# sourceURL=https:\/\/expressometro.mx\/wp-includes\/js\/wp-embed.min.js\n\/* ]]> *\/\n<\/script>\n","thumbnail_url":"https:\/\/expressometro.mx\/wp-content\/uploads\/2020\/08\/A21C2D27-349D-43F8-82D5-239A813F7A6D.jpeg","thumbnail_width":715,"thumbnail_height":429,"description":"Con el fin de reactivar paulatinamente la econom\u00eda del municipio de Villa del Carb\u00f3n se mantendr\u00e1 el 30% de aforo en lugares destinados al comercio y al turismo. Esto derivado de las medidas de sanidad que se mantienen en el Estado de M\u00e9xico. Pero que con esa prevenci\u00f3n se pueda salir adelante en la comunidad, reconoci\u00f3 el director de Desarrollo Econ\u00f3mico, Ricardo Flores Castillo. Lo mejor es mantener esta capacidad, cuidando siempre las medidas de sana distancia, considerar el uso de cubrebocas y el lavado frecuente de manos, agreg\u00f3 el&hellip;"}

VILLA DEL CARBÓN - Expresso Metropolitano

<blockquote class="wp-embedded-content" data-secret="9FMY0XYGk2"><a href="https://expressometro.mx/index.php/2020/08/25/villa-del-carbon/">VILLA DEL CARBÓN</a></blockquote><iframe sandbox="allow-scripts" security="restricted" src="https://expressometro.mx/index.php/2020/08/25/villa-del-carbon/embed/#?secret=9FMY0XYGk2" width="600" height="338" title="&#8220;VILLA DEL CARBÓN&#8221; &#8212; Expresso Metropolitano" data-secret="9FMY0XYGk2" frameborder="0" marginwidth="0" marginheight="0" scrolling="no" class="wp-embedded-content"></iframe><script type="text/javascript">
/* <![CDATA[ */
/*! This file is auto-generated */
!function(d,l){"use strict";l.querySelector&&d.addEventListener&&"undefined"!=typeof URL&&(d.wp=d.wp||{},d.wp.receiveEmbedMessage||(d.wp.receiveEmbedMessage=function(e){var t=e.data;if((t||t.secret||t.message||t.value)&&!/[^a-zA-Z0-9]/.test(t.secret)){for(var s,r,n,a=l.querySelectorAll('iframe[data-secret="'+t.secret+'"]'),o=l.querySelectorAll('blockquote[data-secret="'+t.secret+'"]'),c=new RegExp("^https?:$","i"),i=0;i<o.length;i++)o[i].style.display="none";for(i=0;i<a.length;i++)s=a[i],e.source===s.contentWindow&&(s.removeAttribute("style"),"height"===t.message?(1e3<(r=parseInt(t.value,10))?r=1e3:~~r<200&&(r=200),s.height=r):"link"===t.message&&(r=new URL(s.getAttribute("src")),n=new URL(t.value),c.test(n.protocol))&&n.host===r.host&&l.activeElement===s&&(d.top.location.href=t.value))}},d.addEventListener("message",d.wp.receiveEmbedMessage,!1),l.addEventListener("DOMContentLoaded",function(){for(var e,t,s=l.querySelectorAll("iframe.wp-embedded-content"),r=0;r<s.length;r++)(t=(e=s[r]).getAttribute("data-secret"))||(t=Math.random().toString(36).substring(2,12),e.src+="#?secret="+t,e.setAttribute("data-secret",t)),e.contentWindow.postMessage({message:"ready",secret:t},"*")},!1)))}(window,document);
//# sourceURL=https://expressometro.mx/wp-includes/js/wp-embed.min.js
/* ]]> */
</script>

Con el fin de reactivar paulatinamente la economía del municipio de Villa del Carbón se mantendrá el 30% de aforo en lugares destinados al comercio y al turismo. Esto derivado de las medidas de sanidad que se mantienen en el Estado de México. Pero que con esa prevención se pueda salir adelante en la comunidad, reconoció el director de Desarrollo Económico, Ricardo Flores Castillo. Lo mejor es mantener esta capacidad, cuidando siempre las medidas de sana distancia, considerar el uso de cubrebocas y el lavado frecuente de manos, agregó el&hellip;
