{"version":"1.0","provider_name":"Expresso Metropolitano","provider_url":"https:\/\/expressometro.mx","author_name":"Expresso Metropolitano","author_url":"https:\/\/expressometro.mx\/index.php\/author\/diego\/","title":"Unen esfuerzos a favor del cuidado del agua - Expresso Metropolitano","type":"rich","width":600,"height":338,"html":"<blockquote class=\"wp-embedded-content\" data-secret=\"XfakIjIo7z\"><a href=\"https:\/\/expressometro.mx\/index.php\/2019\/10\/06\/unen-esfuerzos-a-favor-del-cuidado-del-agua\/\">Unen esfuerzos a favor del cuidado del agua<\/a><\/blockquote><iframe sandbox=\"allow-scripts\" security=\"restricted\" src=\"https:\/\/expressometro.mx\/index.php\/2019\/10\/06\/unen-esfuerzos-a-favor-del-cuidado-del-agua\/embed\/#?secret=XfakIjIo7z\" width=\"600\" height=\"338\" title=\"&#8220;Unen esfuerzos a favor del cuidado del agua&#8221; &#8212; Expresso Metropolitano\" data-secret=\"XfakIjIo7z\" frameborder=\"0\" marginwidth=\"0\" marginheight=\"0\" scrolling=\"no\" class=\"wp-embedded-content\"><\/iframe><script type=\"text\/javascript\">\n\/* <![CDATA[ *\/\n\/*! This file is auto-generated *\/\n!function(d,l){\"use strict\";l.querySelector&&d.addEventListener&&\"undefined\"!=typeof URL&&(d.wp=d.wp||{},d.wp.receiveEmbedMessage||(d.wp.receiveEmbedMessage=function(e){var t=e.data;if((t||t.secret||t.message||t.value)&&!\/[^a-zA-Z0-9]\/.test(t.secret)){for(var s,r,n,a=l.querySelectorAll('iframe[data-secret=\"'+t.secret+'\"]'),o=l.querySelectorAll('blockquote[data-secret=\"'+t.secret+'\"]'),c=new RegExp(\"^https?:$\",\"i\"),i=0;i<o.length;i++)o[i].style.display=\"none\";for(i=0;i<a.length;i++)s=a[i],e.source===s.contentWindow&&(s.removeAttribute(\"style\"),\"height\"===t.message?(1e3<(r=parseInt(t.value,10))?r=1e3:~~r<200&&(r=200),s.height=r):\"link\"===t.message&&(r=new URL(s.getAttribute(\"src\")),n=new URL(t.value),c.test(n.protocol))&&n.host===r.host&&l.activeElement===s&&(d.top.location.href=t.value))}},d.addEventListener(\"message\",d.wp.receiveEmbedMessage,!1),l.addEventListener(\"DOMContentLoaded\",function(){for(var e,t,s=l.querySelectorAll(\"iframe.wp-embedded-content\"),r=0;r<s.length;r++)(t=(e=s[r]).getAttribute(\"data-secret\"))||(t=Math.random().toString(36).substring(2,12),e.src+=\"#?secret=\"+t,e.setAttribute(\"data-secret\",t)),e.contentWindow.postMessage({message:\"ready\",secret:t},\"*\")},!1)))}(window,document);\n\/\/# sourceURL=https:\/\/expressometro.mx\/wp-includes\/js\/wp-embed.min.js\n\/* ]]> *\/\n<\/script>\n","thumbnail_url":"https:\/\/expressometro.mx\/wp-content\/uploads\/2019\/10\/BO050_06.jpeg","thumbnail_width":892,"thumbnail_height":473,"description":"El presidente municipal de Cuautitl\u00e1n Izcalli, Ricardo N\u00fa\u00f1ez Ayala, encabez\u00f3 el primer Foro Regional del Comit\u00e9 de Uso P\u00fablico Urbano del Estado de M\u00e9xico que se realiz\u00f3 en el municipio de Jilotepec, ah\u00ed, como titular del mismo, resalt\u00f3 la importancia de contar con este tipo de reuniones para tener un diagn\u00f3stico preciso sobre el tema del agua, indic\u00f3 que por tratarse de un tema global es necesaria la participaci\u00f3n de municipios vecinos para establecer trabajos coordinados. Integrantes del Comit\u00e9 de Uso P\u00fablico Urbano del Estado de M\u00e9xico, acordaron crear acciones&hellip;"}

El presidente municipal de Cuautitlán Izcalli, Ricardo Núñez Ayala, encabezó el primer Foro Regional del Comité de Uso Público Urbano del Estado de México que se realizó en el municipio de Jilotepec, ahí, como titular del mismo, resaltó la importancia de contar con este tipo de reuniones para tener un diagnóstico preciso sobre el tema del agua, indicó que por tratarse de un tema global es necesaria la participación de municipios vecinos para establecer trabajos coordinados. Integrantes del Comité de Uso Público Urbano del Estado de México, acordaron crear acciones&hellip;
