{"version":"1.0","provider_name":"Expresso Metropolitano","provider_url":"https:\/\/expressometro.mx","author_name":"Expresso Metropolitano","author_url":"https:\/\/expressometro.mx\/index.php\/author\/diego\/","title":"IMPULSA ISEM \u201cESCUELAS PROMOTORAS DE LA SALUD\u201d - Expresso Metropolitano","type":"rich","width":600,"height":338,"html":"<blockquote class=\"wp-embedded-content\" data-secret=\"oOHQfvaY1w\"><a href=\"https:\/\/expressometro.mx\/index.php\/2019\/09\/13\/impulsa-isem-escuelas-promotoras-de-la-salud\/\">IMPULSA ISEM \u201cESCUELAS PROMOTORAS DE LA SALUD\u201d<\/a><\/blockquote><iframe sandbox=\"allow-scripts\" security=\"restricted\" src=\"https:\/\/expressometro.mx\/index.php\/2019\/09\/13\/impulsa-isem-escuelas-promotoras-de-la-salud\/embed\/#?secret=oOHQfvaY1w\" width=\"600\" height=\"338\" title=\"&#8220;IMPULSA ISEM \u201cESCUELAS PROMOTORAS DE LA SALUD\u201d&#8221; &#8212; Expresso Metropolitano\" data-secret=\"oOHQfvaY1w\" frameborder=\"0\" marginwidth=\"0\" marginheight=\"0\" scrolling=\"no\" class=\"wp-embedded-content\"><\/iframe><script type=\"text\/javascript\">\n\/* <![CDATA[ *\/\n\/*! This file is auto-generated *\/\n!function(d,l){\"use strict\";l.querySelector&&d.addEventListener&&\"undefined\"!=typeof URL&&(d.wp=d.wp||{},d.wp.receiveEmbedMessage||(d.wp.receiveEmbedMessage=function(e){var t=e.data;if((t||t.secret||t.message||t.value)&&!\/[^a-zA-Z0-9]\/.test(t.secret)){for(var s,r,n,a=l.querySelectorAll('iframe[data-secret=\"'+t.secret+'\"]'),o=l.querySelectorAll('blockquote[data-secret=\"'+t.secret+'\"]'),c=new RegExp(\"^https?:$\",\"i\"),i=0;i<o.length;i++)o[i].style.display=\"none\";for(i=0;i<a.length;i++)s=a[i],e.source===s.contentWindow&&(s.removeAttribute(\"style\"),\"height\"===t.message?(1e3<(r=parseInt(t.value,10))?r=1e3:~~r<200&&(r=200),s.height=r):\"link\"===t.message&&(r=new URL(s.getAttribute(\"src\")),n=new URL(t.value),c.test(n.protocol))&&n.host===r.host&&l.activeElement===s&&(d.top.location.href=t.value))}},d.addEventListener(\"message\",d.wp.receiveEmbedMessage,!1),l.addEventListener(\"DOMContentLoaded\",function(){for(var e,t,s=l.querySelectorAll(\"iframe.wp-embedded-content\"),r=0;r<s.length;r++)(t=(e=s[r]).getAttribute(\"data-secret\"))||(t=Math.random().toString(36).substring(2,12),e.src+=\"#?secret=\"+t,e.setAttribute(\"data-secret\",t)),e.contentWindow.postMessage({message:\"ready\",secret:t},\"*\")},!1)))}(window,document);\n\/\/# sourceURL=https:\/\/expressometro.mx\/wp-includes\/js\/wp-embed.min.js\n\/* ]]> *\/\n<\/script>\n","thumbnail_url":"https:\/\/expressometro.mx\/wp-content\/uploads\/2019\/09\/9BCC6DA1-BF7C-4BE4-BBA3-C9E92AEA4C31.jpeg","thumbnail_width":2629,"thumbnail_height":1863,"description":"Para promover la pr\u00e1ctica de h\u00e1bitos saludables en espacios educativos del nivel b\u00e1sico y medio superior, el Instituto de Salud del Estado de M\u00e9xico (ISEM) impulsa el programa \u201cEscuelas Promotoras de la Salud\u201d, a trav\u00e9s de las cuales se fomentan actividades f\u00edsicas y deportivas, as\u00ed como diagn\u00f3sticos de enfermedades y referencia m\u00e9dica. Con este tipo de acciones, indic\u00f3 la dependencia, el Gobierno del Estado de M\u00e9xico se suma a cruzadas como la Semana del Bienestar que promueve la Organizaci\u00f3n Panamericana de la Salud (OPS), y que este a\u00f1o tendr\u00e1 lugar&hellip;"}

Para promover la práctica de hábitos saludables en espacios educativos del nivel básico y medio superior, el Instituto de Salud del Estado de México (ISEM) impulsa el programa “Escuelas Promotoras de la Salud”, a través de las cuales se fomentan actividades físicas y deportivas, así como diagnósticos de enfermedades y referencia médica. Con este tipo de acciones, indicó la dependencia, el Gobierno del Estado de México se suma a cruzadas como la Semana del Bienestar que promueve la Organización Panamericana de la Salud (OPS), y que este año tendrá lugar&hellip;
