{"version":"1.0","provider_name":"Expresso Metropolitano","provider_url":"https:\/\/expressometro.mx","author_name":"Expresso Metropolitano","author_url":"https:\/\/expressometro.mx\/index.php\/author\/diego\/","title":"GOBIERNO MUNICIPAL ABRE UN ESPACIO CULTURAL M\u00c1S - Expresso Metropolitano","type":"rich","width":600,"height":338,"html":"<blockquote class=\"wp-embedded-content\" data-secret=\"GqWJcaN5HG\"><a href=\"https:\/\/expressometro.mx\/index.php\/2019\/08\/16\/gobierno-municipal-abre-un-espacio-cultural-mas\/\">GOBIERNO MUNICIPAL ABRE UN ESPACIO CULTURAL M\u00c1S<\/a><\/blockquote><iframe sandbox=\"allow-scripts\" security=\"restricted\" src=\"https:\/\/expressometro.mx\/index.php\/2019\/08\/16\/gobierno-municipal-abre-un-espacio-cultural-mas\/embed\/#?secret=GqWJcaN5HG\" width=\"600\" height=\"338\" title=\"&#8220;GOBIERNO MUNICIPAL ABRE UN ESPACIO CULTURAL M\u00c1S&#8221; &#8212; Expresso Metropolitano\" data-secret=\"GqWJcaN5HG\" frameborder=\"0\" marginwidth=\"0\" marginheight=\"0\" scrolling=\"no\" class=\"wp-embedded-content\"><\/iframe><script type=\"text\/javascript\">\n\/* <![CDATA[ *\/\n\/*! This file is auto-generated *\/\n!function(d,l){\"use strict\";l.querySelector&&d.addEventListener&&\"undefined\"!=typeof URL&&(d.wp=d.wp||{},d.wp.receiveEmbedMessage||(d.wp.receiveEmbedMessage=function(e){var t=e.data;if((t||t.secret||t.message||t.value)&&!\/[^a-zA-Z0-9]\/.test(t.secret)){for(var s,r,n,a=l.querySelectorAll('iframe[data-secret=\"'+t.secret+'\"]'),o=l.querySelectorAll('blockquote[data-secret=\"'+t.secret+'\"]'),c=new RegExp(\"^https?:$\",\"i\"),i=0;i<o.length;i++)o[i].style.display=\"none\";for(i=0;i<a.length;i++)s=a[i],e.source===s.contentWindow&&(s.removeAttribute(\"style\"),\"height\"===t.message?(1e3<(r=parseInt(t.value,10))?r=1e3:~~r<200&&(r=200),s.height=r):\"link\"===t.message&&(r=new URL(s.getAttribute(\"src\")),n=new URL(t.value),c.test(n.protocol))&&n.host===r.host&&l.activeElement===s&&(d.top.location.href=t.value))}},d.addEventListener(\"message\",d.wp.receiveEmbedMessage,!1),l.addEventListener(\"DOMContentLoaded\",function(){for(var e,t,s=l.querySelectorAll(\"iframe.wp-embedded-content\"),r=0;r<s.length;r++)(t=(e=s[r]).getAttribute(\"data-secret\"))||(t=Math.random().toString(36).substring(2,12),e.src+=\"#?secret=\"+t,e.setAttribute(\"data-secret\",t)),e.contentWindow.postMessage({message:\"ready\",secret:t},\"*\")},!1)))}(window,document);\n\/\/# sourceURL=https:\/\/expressometro.mx\/wp-includes\/js\/wp-embed.min.js\n\/* ]]> *\/\n<\/script>\n","description":"Con la finalidad de contar con m\u00e1s espacios para la difusi\u00f3n de la cultura y las artes, el Gobierno de Coacalco, que preside el Alcalde Darwin Eslava, inaugur\u00f3 el Centro Cultural Comunitario en la Unidad Morelos, en el que se impartir\u00e1n distintos talleres gratuitos. La Direcci\u00f3n de Cultura, Turismo y Artes inform\u00f3 que este espacio es resultado de la suma de voluntades entre sociedad y gobierno, ya que dicho inmueble es propiedad de un particular interesado en generar m\u00e1s oportunidades de desarrollo para los coacalquenses. Puntualiz\u00f3 que el objetivo es&hellip;","thumbnail_url":"https:\/\/expressometro.mx\/wp-content\/uploads\/2019\/08\/CentroCultural-2.jpeg","thumbnail_width":1280,"thumbnail_height":853}

GOBIERNO MUNICIPAL ABRE UN ESPACIO CULTURAL MÁS - Expresso Metropolitano

<blockquote class="wp-embedded-content" data-secret="GqWJcaN5HG"><a href="https://expressometro.mx/index.php/2019/08/16/gobierno-municipal-abre-un-espacio-cultural-mas/">GOBIERNO MUNICIPAL ABRE UN ESPACIO CULTURAL MÁS</a></blockquote><iframe sandbox="allow-scripts" security="restricted" src="https://expressometro.mx/index.php/2019/08/16/gobierno-municipal-abre-un-espacio-cultural-mas/embed/#?secret=GqWJcaN5HG" width="600" height="338" title="&#8220;GOBIERNO MUNICIPAL ABRE UN ESPACIO CULTURAL MÁS&#8221; &#8212; Expresso Metropolitano" data-secret="GqWJcaN5HG" frameborder="0" marginwidth="0" marginheight="0" scrolling="no" class="wp-embedded-content"></iframe><script type="text/javascript">
/* <![CDATA[ */
/*! This file is auto-generated */
!function(d,l){"use strict";l.querySelector&&d.addEventListener&&"undefined"!=typeof URL&&(d.wp=d.wp||{},d.wp.receiveEmbedMessage||(d.wp.receiveEmbedMessage=function(e){var t=e.data;if((t||t.secret||t.message||t.value)&&!/[^a-zA-Z0-9]/.test(t.secret)){for(var s,r,n,a=l.querySelectorAll('iframe[data-secret="'+t.secret+'"]'),o=l.querySelectorAll('blockquote[data-secret="'+t.secret+'"]'),c=new RegExp("^https?:$","i"),i=0;i<o.length;i++)o[i].style.display="none";for(i=0;i<a.length;i++)s=a[i],e.source===s.contentWindow&&(s.removeAttribute("style"),"height"===t.message?(1e3<(r=parseInt(t.value,10))?r=1e3:~~r<200&&(r=200),s.height=r):"link"===t.message&&(r=new URL(s.getAttribute("src")),n=new URL(t.value),c.test(n.protocol))&&n.host===r.host&&l.activeElement===s&&(d.top.location.href=t.value))}},d.addEventListener("message",d.wp.receiveEmbedMessage,!1),l.addEventListener("DOMContentLoaded",function(){for(var e,t,s=l.querySelectorAll("iframe.wp-embedded-content"),r=0;r<s.length;r++)(t=(e=s[r]).getAttribute("data-secret"))||(t=Math.random().toString(36).substring(2,12),e.src+="#?secret="+t,e.setAttribute("data-secret",t)),e.contentWindow.postMessage({message:"ready",secret:t},"*")},!1)))}(window,document);
//# sourceURL=https://expressometro.mx/wp-includes/js/wp-embed.min.js
/* ]]> */
</script>

Con la finalidad de contar con más espacios para la difusión de la cultura y las artes, el Gobierno de Coacalco, que preside el Alcalde Darwin Eslava, inauguró el Centro Cultural Comunitario en la Unidad Morelos, en el que se impartirán distintos talleres gratuitos. La Dirección de Cultura, Turismo y Artes informó que este espacio es resultado de la suma de voluntades entre sociedad y gobierno, ya que dicho inmueble es propiedad de un particular interesado en generar más oportunidades de desarrollo para los coacalquenses. Puntualizó que el objetivo es&hellip;
